- 623. Give b(0).
69
Let l(y) = -7 - y + 10 - 3 - 2. Determine l(-10).
8
Let h be (-2)/(-7) + 18/(-14). Let y(u) = 2*u**2 + 2*u - 11. Let z(o) = -o**3 - 2*o**2 - 2*o + 17. Let s(b) = -3*y(b) - 2*z(b). What is s(h)?
-3
Let m(i) be the third derivative of -i**4/6 - 2*i**3 + i**2 + 134. Calculate m(-8).
20
Let x(p) = 1. Let v(y) = y**3 + y**2 - y - 5. Let s(u) = -v(u) - 5*x(u). Suppose 0 = -2*f + 3*f. What is s(f)?
0
Let r(m) = -m**3 - 4*m**2 - 2*m. Let y(j) = 6*j**3 - 5*j**2 - 5*j + 2. Let c(d) = r(d) - y(d). Calculate c(2).
-48
Suppose -35*k = -3*k + 128. Let s(z) be the second derivative of z**3/6 - 5*z**2/2 + 3*z. Determine s(k).
-9
Let h(l) = 35*l - 1. Let v = 556 - 557. Calculate h(v).
-36
Let k(m) = 19*m**2 + 12*m - 6. Let a(o) = -15*o**2 - 12*o + 5. Let x(h) = 5*a(h) + 4*k(h). What is x(12)?
1
Suppose 2*n - 12 = 3*i, -2*i + 18 = 3*n - 0*i. Suppose -2*g - 4 = 2*y, y + 2*y - n = 0. Let u(x) = 4*x - 1. Give u(g).
-17
Let b(x) = 48 + 50 - 151 + 55 - 8*x + x**2. Calculate b(9).
11
Let k(f) = 1 + 3*f**2 + 0 + 2 - 6*f**2. Calculate k(0).
3
Let k(y) be the second derivative of y**6/120 - y**5/15 - y**4/8 + 5*y**3/6 + 5*y**2 - 10*y. Let w(m) be the first derivative of k(m). Calculate w(5).
15
Let b(k) be the second derivative of -k**5/20 - k**4/4 + k**3/6 - k**2/2 + k - 43. Calculate b(-3).
-4
Suppose 5*a = 28 - 3. Let f(x) = -x**3 + 9*x + 7. Let o(t) = -t**3 + t**2 + 8*t + 7. Let s = 18 - 15. Let y(z) = s*f(z) - 4*o(z). What is y(a)?
-7
Let c(h) = h + 3. Suppose 2*u + 2*y - 19 = 7*u, -u = 4*y + 17. What is c(u)?
-2
Let u(g) = -2*g**2 - 17*g - 32. Let o be u(-5). Let a(q) = -2*q**2 - q - 1. Let c(w) = 3*w**2 + 2*w + 3. Let s(p) = -5*a(p) - 3*c(p). Calculate s(o).
2
Let v(x) = -3*x. Suppose 8 = -3*d + 20. Calculate v(d).
-12
Let v(s) = -s**2 - 7*s**2 + 10*s**2 + 2*s**2 - 8*s - 18 - 3*s**2. Give v(9).
-9
Suppose 42*o + 27 = 33*o. Let n(h) = h**3 + 2*h**2 - 2*h + 4. Calculate n(o).
1
Let t(k) be the second derivative of 0 + 1/12*k**4 + k**2 - 18*k - 1/6*k**3. Determine t(4).
14
Let g(m) be the third derivative of m**5/60 + 11*m**4/24 + 4*m**3/3 - 1313*m**2. Suppose -s + 0*h = -5*h - 6, -2*s - 3 = -5*h. Give g(s).
-10
Let b(v) = v - 1. Let u(z) = -z + 3. Let w(j) = 5*b(j) + 2*u(j). Calculate w(2).
7
Suppose -2*z = -23 + 21. Let d(s) = -7*s + 2. Give d(z).
-5
Let m(y) = 28*y + 1. Let k(h) = -7*h. Let d(v) = -9*k(v) - 2*m(v). Let z(j) = -6*j + 3. Let x be -4 + (-5 - -3) - -2. Let u(g) = x*d(g) - 5*z(g). What is u(-5)?
-17
Let n(q) = q**2 + 5. Let t = -152 - -93. Let c = t + 55. Determine n(c).
21
Suppose -7*w + 3*w + 8 = 4*i, 2*w = 2*i + 16. Let l = 8 + i. Let g = l - 5. Let m(y) = y. Give m(g).
0
Let w be -1 - (-5 - 1 - 0). Let p(t) = -t**3 + 5*t**2 + 5*t - 7. Determine p(w).
18
Let g(p) be the first derivative of -p**4/12 + p**2 - 11*p - 3. Let z(h) be the first derivative of g(h). Give z(-2).
-2
Let h(g) = 10*g**2 - 32*g**3 + 16*g**3 + 10*g + 15*g**3 + 14. Suppose -r = 3*p - 34, -17 - 36 = -5*p + 2*r. Calculate h(p).
3
Let y = -64 + 66. Let m(s) = 0*s - 5 - 2*s + s + y. Determine m(7).
-10
Let t(j) = -18*j + 160. Let l be t(9). Let n(h) = 21*h + 1. Calculate n(l).
-41
Let s(f) = -3 + 4 - 3 - 16 - 4*f. Give s(-6).
6
Let h be (3/(18/(-64)))/((-56)/420). Suppose -h*x + 77*x - 18 = 0. Let n(b) = b**3 - b**2 - 3 - 5*b**2 - b - 2*b**3. Give n(x).
3
Let w(k) be the first derivative of -k**4/4 - 10*k**3/3 - 5*k**2 - 10*k + 212. What is w(-9)?
-1
Let a = 72 - 69. Let o(v) = -2*v + 37*v**2 - 38*v**2 - 4 - a*v - v. Determine o(-5).
1
Suppose -17*z = -0*z - 68. Let n(c) = 2*c**2 - 5*c + 1. Determine n(z).
13
Let j(n) = -9*n**2 - n - 3. Let m(w) = 16*w**2 + w + 7. Let v(y) = -7*j(y) - 4*m(y). What is v(0)?
-7
Let w(c) = -c**3 + c**2 + 2*c + 2. Let z be w(0). Let l(n) = z*n**2 - 6 - n**2 - 6*n + 5. Determine l(6).
-1
Let a = -7 - -16. Let i(v) = v**3 - 9*v**2 + v + 1. What is i(a)?
10
Let o(b) = -4*b + 5. Let f(j) = 9*j - 13. Let h(t) = 45*t - 66. Let p(x) = 11*f(x) - 2*h(x). Let z(m) = 7*o(m) + 3*p(m). Give z(-5).
7
Let m(c) = -8*c**2 - 29*c + 17. Let w(o) = -3*o**2 - 10*o + 6. Let y(d) = -4*m(d) + 11*w(d). Let j(q) = q**2 + 5*q - 3. Let g be j(-6). Give y(g).
7
Let u(j) be the first derivative of 39 - 9*j + 1/2*j**2. Give u(11).
2
Let o(a) be the second derivative of -a**8/3360 - a**7/1260 + a**6/360 - a**5/120 + 2*a**4 + 18*a. Let t(v) be the third derivative of o(v). What is t(1)?
-3
Suppose 0 = -g - 1 - 11. Let w be (-9)/g + (-26)/(-8). Let o(h) = 11*h - 3. Let y(a) = -5*a + 2. Let q(k) = -2*o(k) - 5*y(k). Give q(w).
8
Let y(v) be the second derivative of v**3/6 - 2*v**2 - 14*v + 1. Give y(-4).
-8
Let a be 1 + (-14)/10 + 66/165. Let b(n) be the first derivative of a*n - 7 + 5/2*n**2. Determine b(2).
10
Let o(i) = -6*i**2 - 8*i + 18. Let w(d) = -17*d**2 - 23*d + 47. Let h(z) = -8*o(z) + 3*w(z). Calculate h(-2).
-5
Let k(d) = 1 - 6*d + 1 + d. Suppose -4*l = -0 - 8. Give k(l).
-8
Let c(n) = n**2 - 8*n - 8. Let b be c(9). Let s(d) = 3*d**2 + 1. What is s(b)?
4
Let s(b) be the second derivative of b**5/24 - b**4/24 + 2*b**3/3 - 2*b. Let v(y) be the second derivative of s(y). What is v(4)?
19
Suppose -97*n + 292 = -193. Let x(j) = 5*j + 4. Give x(n).
29
Let x(o) be the third derivative of -o**5/60 - o**4/12 + 5*o**3/6 + o**2. Let v(r) = 2*r**2 - 40*r - 197. Let a be v(-4). Calculate x(a).
-10
Let o be 104*5/10*(-2 + 7). Let q(j) = o*j - 521*j + 262*j. Determine q(4).
4
Let m = 549 - 546. Let v(y) be the third derivative of -5*y**2 + 1/6*y**m - 1/24*y**4 + 0 - 1/30*y**5 + 0*y. What is v(2)?
-9
Let r(s) be the first derivative of 4*s**3/3 + 3*s**2 + s + 775. Determine r(-2).
5
Let i(s) be the second derivative of 5*s**3/6 - 2*s**2 - 213*s. What is i(2)?
6
Let p(z) = -17*z + 43*z**3 + 19*z + 6 + 8*z**3 - 5. Calculate p(-1).
-52
Let s(q) = 9*q - 2. Let w be (-2)/(-16) - (-2)/((-64)/(-92)). Calculate s(w).
25
Suppose 11*g = 4*g - 28. Let p(t) = t**3 + 4*t**2 - 2*t - 5. Let v be p(g). Let q be (3/v)/(1/7). Let o(b) = -b**3 + 6*b**2 + 7*b - 3. Calculate o(q).
-3
Let b(u) = 15*u + 17. Let t(z) = -7*z - 8. Let j(l) = 6*b(l) + 13*t(l). Let o(h) = 2*h**2 - 96*h + 697. Let m be o(39). Calculate j(m).
3
Let a(h) be the first derivative of -h**6/120 + h**5/15 + 5*h**4/24 - h**3/3 - 13*h**2/2 + 9. Let s(f) be the second derivative of a(f). Calculate s(5).
-2
Let y(o) = -o + 6. Let s be (-13 + -11)*2/(-6). Let u(d) = d**3 - 10*d**2 + 15*d + 8. Let f be u(s). Let n be -3*(-4)/(-12)*f. Give y(n).
6
Let r(b) be the first derivative of -2*b**3/3 - b - 1535. Suppose 0 = -u - 3*u - 4. Calculate r(u).
-3
Let w(i) be the third derivative of -i**2 + 0*i + 0 - 1/6*i**4 + 1/120*i**6 - 1/2*i**3 + 1/60*i**5. Suppose 0 = -34*h + 13*h - 63. What is w(h)?
-9
Suppose -4 - 3 = -t. Let o(g) = -g**2 - 6*g + 10. Let w(m) = m**2 + 10*m - 11. Let a(q) = 4*o(q) + 3*w(q). Give a(t).
0
Let t(a) = -3*a. Suppose 4*i + 0 = 5*r - 2, 3*r = -3*i - 15. Let j be 6/r + (6 - 4). Calculate t(j).
3
Let n(m) = 2*m**3 + 3*m**2 + 2*m + 3. Let c be 6 - (0 - (-8)/2). Let t(u) = -2 - c*u - 2*u + u + 2*u. Let q be t(0). Give n(q).
-5
Let l(h) = 2*h + 6. Suppose -4*m + 3*m - w + 4 = 0, -4*w + 1 = -m. Let d be 0 - ((-2)/(-2) + m). Calculate l(d).
-2
Suppose -3*w = -4*v - 9 + 26, 3*w = -v - 22. Let c(u) = u**3 + 6*u**2 - 9*u - 14. Calculate c(w).
0
Let o = 0 - 1. Let q be -2 + o/(-1)*1. Let y(i) be the first derivative of -2*i**2 - 3517. Give y(q).
4
Let v(c) = -2*c**2 - 5*c + 13. Let u(y) = 3*y**2 + 11*y - 24. Let f(d) = -4*u(d) - 7*v(d). Determine f(6).
23
Let r(g) be the first derivative of -g**3/3 - 2*g**2 + 1. Suppose 2*j = -3*k + 53, 3*j = -5*k + 7*j + 125. Let d be (-2)/(k/(-6) + 4). Calculate r(d).
0
Let r = -497 - -489. Let p(y) = y + 11. Give p(r).
3
Let p(y) be the second derivative of -2*y**2 - 5*y. Let q(z) = 1. Let o(v) = -p(v) - 5*q(v). Let x(s) = 4*s - 6. Let n(b) = 3*o(b) - x(b). What is n(2)?
-5
Let z(p) = 6*p**2 + 8*p + 14. Let f(w) = 5*w**2 + 7*w + 12. Let q(j) = -7*f(j) + 6*z(j). Calculate q(-2).
6
Let m(a) = a - 3. Let z be 3/2 - 3/6. Let t(s) = -s + 0*s**2 - z - 4*s - s + s**2. Let j be t(7). What is m(j)?
3
Let m(u) be the third derivative of -u**4/12 + u**3/6 + 425*u**2. Let q = 3 + -2. What is m(q)?
-1
Let l(r) be the first derivative of -r**2 - r - 83. What is l(4)?
-9
Let a(n) = -3*n - 3. Let q 